In base 13, what is 3b898 + 0?
3b898
In base 11, what is -3 - 188125?
-188128
In base 9, what is 3615 - -106?
3722
In base 15, what is -2 + 153?
151
In base 13, what is 30275 - 4a?
30228
In base 10, what is -21 - -41312?
41291
In base 14, what is 131 - c956?
-c825
In base 10, what is 22 + -144?
-122
In base 16, what is -1ab + -344?
-4ef
In base 4, what is -101003102 - 0?
-101003102
In base 4, what is -31033 + -1?
-31100
In base 16, what is -2a9f2 + -1?
-2a9f3
In base 15, what is 58ac + 5?
58b2
In base 16, what is -38b0a + 5?
-38b05
In base 8, what is 3 - -147274?
147277
In base 11, what is 39 + 22195?
22223
In base 14, what is -3 + -2838d?
-28392
In base 2, what is 1000000011101 + -1111011?
111110100010
In base 12, what is 3 + 37a9?
37b0
In base 14, what is 4612 - 37?
45b9
In base 16, what is -1ce + e6?
-e8
In base 7, what is 33344 - 5?
33336
In base 8, what is 246064 + -4?
246060
In base 2, what is 1000101001010000 - -1101?
1000101001011101
In base 10, what is 7 - -5988?
5995
In base 6, what is -4 + 1025053?
1025045
In base 7, what is 213 + 3054?
3300
In base 11, what is -555904 + 2?
-555902
In base 15, what is cb921 - 4?
cb91c
In base 5, what is -10301 + -1102?
-11403
In base 2, what is -11100010110010010101 - 11?
-11100010110010011000
In base 7, what is 41343 - 202?
41141
In base 6, what is -35 + 143342?
143303
In base 14, what is 45440 - 2?
4543c
In base 11, what is 27453 + 1?
27454
In base 10, what is -52966 + -2?
-52968
In base 10, what is -512824 - 5?
-512829
In base 16, what is 253 - 43?
210
In base 9, what is -5 + -510611?
-510616
In base 6, what is 220 - 2403?
-2143
In base 11, what is -279904 - -2?
-279902
In base 16, what is -2 - 15737b?
-15737d
In base 7, what is 3152514 - 4?
3152510
In base 12, what is 931 + -17a?
773
In base 8, what is -135503 + 13?
-135470
In base 4, what is 33 + -100220?
-100121
In base 12, what is -246841 + 3?
-24683a
In base 5, what is -1324102 + -10?
-1324112
In base 13, what is -49 - 69a?
-716
In base 12, what is 131 - -5abb?
6030
In base 2, what is -11 - 1001100111000011111?
-1001100111000100010
In base 14, what is 96295 - 0?
96295
In base 7, what is 11 - 1050640?
-1050626
In base 16, what is 27b0d + -5?
27b08
In base 12, what is -7344 - -13?
-7331
In base 16, what is 5c2 - -11?
5d3
In base 6, what is 22335015 - 3?
22335012
In base 7, what is 51 + 604?
655
In base 11, what is -8 - a0a1?
-a0a9
In base 14, what is 1c0 - 3c4?
-204
In base 11, what is -165066 - -1?
-165065
In base 13, what is 4 - 1847?
-1843
In base 4, what is 1330333 - 10?
1330323
In base 7, what is -334202 + -4?
-334206
In base 16, what is -30e7 - -f5?
-2ff2
In base 12, what is -6684 - 6?
-668a
In base 8, what is -1161 - 7206?
-10367
In base 5, what is 2030 - 242?
1233
In base 8, what is -417 - 1001?
-1420
In base 14, what is -23bca + 2?
-23bc8
In base 13, what is 4210 + -75?
4168
In base 12, what is -13178 + -a?
-13186
In base 12, what is 3 + -11b8?
-11b5
In base 2, what is 1111100011111 + 101?
1111100100100
In base 13, what is -1 + -4c1a?
-4c1b
In base 6, what is 502223 - 225?
501554
In base 11, what is 4 + 5186?
518a
In base 13, what is -4 - -bb327?
bb323
In base 11, what is 0 - 438a?
-438a
In base 2, what is -11001111101010 - 101?
-11001111101111
In base 11, what is 160225 + 2?
160227
In base 16, what is -46a + 19?
-451
In base 16, what is 233 + b?
23e
In base 13, what is 2b4 - -456?
73a
In base 16, what is 380a8 + -3?
380a5
In base 7, what is -134 + -165224?
-165361
In base 6, what is 1140 + 50541?
52121
In base 15, what is -5 - a9b68?
-a9b6d
In base 13, what is 9c - b3?
-14
In base 9, what is 2 - 1730585?
-1730583
In base 7, what is -6602 - -32?
-6540
In base 16, what is -1 + -2037?
-2038
In base 7, what is 5125 + 410?
5535
In base 12, what is 1 + -30a78?
-30a77
In base 14, what is d + 550a?
5519
In base 9, what is -1 - 40300?
-40301
In base 6, what is -20431 - -302?
-20125
In base 4, what is 1323310111 - 3?
1323310102
In base 5, what is 30 - 3344233?
-3344203
In base 16, what is -1 - 897a?
-897b
In base 13, what is 36 - -12?
48
In base 12, what is -4 - -1b16?
1b12
In base 9, what is -28 + 2614?
2575
In base 15, what is 3 + 8ac95?
8ac98
In base 2, what is 111 + 1000110011010010110?
1000110011010011101
In base 16, what is -116073 + -4?
-116077
In base 8, what is 162517 + 5?
162524
In base 7, what is -142 - -33?
-106
In base 2, what is 1111 - 1111001100100111?
-1111001100011000
In base 10, what is 0 - 12798?
-12798
In base 13, what is 103 - 1066a?
-10567
In base 14, what is 435a + -6?
4354
In base 12, what is -32ba + -3?
-3301
In base 16, what is 171d - 12?
170b
In base 11, what is 1089 - 20?
1069
In base 13, what is 1a52a - 2?
1a528
In base 6, what is 223535 + 50?
224025
In base 2, what is -10 - 1011010010011?
-1011010010101
In base 12, what is 4185 - -33?
41b8
In base 16, what is 166 - -13?
179
In base 15, what is -2 - 441b?
-441d
In base 3, what is 10002022101 + -112?
10002021212
In base 10, what is 974 + -144?
830
In base 4, what is 123010 - 1002?
122002
In base 11, what is -2 + -7742?
-7744
In base 12, what is 16b36 + 3?
16b39
In base 3, what is -12020220 + -10?
-12021000
In base 13, what is -7575 - -8?
-756a
In base 16, what is 7cd + -1?
7cc
In base 6, what is 412 + 12202?
13014
In base 13, what is -4baa6 - -4?
-4baa2
In base 16, what is -5 + -1379?
-137e
In base 6, what is -132 + 1305?
1133
In base 7, what is 1 - -5452?
5453
In base 10, what is 2813 + -2?
2811
In base 3, what is -21 + -120020220?
-120021011
In base 14, what is -4 + b506?
b502
In base 6, what is -43440 + 503?
-42533
In base 15, what is 3 + -2c63?
-2c60
In base 15, what is -115b9 - -1?
-115b8
In base 13, what is 9 - -11a4?
11b0
In base 14, what is -ad + -464?
-533
In base 7, what is -6630451 - 2?
-6630453
In base 14, what is -34c + -b3?
-421
In base 3, what is -1001 + -120?
-1121
In base 15, what is 88 - 6c84?
-6beb
In base 5, what is 131432 + -2?
131430
In base 14, what is 1 + -c00d0?
-c00cd
In base 14, what is -49 - -2c13?
2ba8
In base 7, what is 11 - 10036251?
-10036240
In base 4, what is 13111 - 11?
13100
In base 13, what is -2 + 24c36?
24c34
In base 12, what is 47 - 775?
-72a
In base 16, what is -1d + 16a0?
1683
In base 15, what is 1d + 20c?
22a
In base 8, what is -1 + 55063?
55062
In base 7, what is 2112513 - -5?
2112521
In base 12, what is -9 + 2026?
2019
In base 7, what is 0 - -323363?
323363
In base 15, what is -139a04 + 6?
-1399ed
In base 4, what is 3212311 + 10?
3212321
In base 4, what is -21020 - 113223?
-200303
In base 16, what is ca6ee + c?
ca6fa
In base 11, what is a + -638a9?
-6389a
In base 5, what is -11 + 1444?
1433
In base 5, what is 113204010 + 0?
113204010
In base 16, what is -1072 - e?
-1080
In base 5, what is 4021340 + -203?
4021132
In base 7, what is 62 - 15231?
-15136
In base 2, what is 11 - -11001110110000100?
11001110110000111
In base 2, what is 1010010000001010 - 0?
1010010000001010
In base 5, what is -1200 - -3433?
2233
In base 11, what is -74 + 209?
145
In base 5, what is -1221042 + 10?
-1221032
In base 10, what is 3014 - -20?
3034
In base 12, what is 14a708 + 5?
14a711
In base 8, what is 62 + -250?
-166
In base 10, what is 21279 - 8?
21271
In base 11, what is -1318 + 723?
-6a5
In base 3, what is -10222 - -101100212?
101012220
In base 5, what is 3004 + -3303?
-244
In base 10, what is 103 + 833?
936
In base 9, what is 76450 - 2?
76447
In base 10, what is -2417554 - 1?
-2417555
In base 6, what is -3352 - 1055?
-4451
In base 4, what is -10 + -23333320?
-23333330
In base 6, what is -2 - -3405423?
3405421
In base 12, what is -1863 - 26?
-1889
In base 4, what is 10 - -2130333131?
2130333201
In base 16, what is -11b - 82?
-19d
In base 11, what is 1 - -49687?
49688
In base 2, what is 111001001 - 11110100?
11010101
In base 2, what is 0 - 110111100101?
-110111100101
In base 12, what is -27b + -b34?
-11b3
In base 13, what is 932 - a6?
859
In base 4, what is -120322131 + -1?
-120322132
In base 14, what is -6a3 - 78?
-73b
In base 10, what is 912959 + -4?
912955
In base 13, what is 2ba2c1 + 5?
2ba2c6
In base 6, what is 3 + 12242522?
12242525
In base 3, what is 1212020121 + -11011?
1212002110
In base 15, what is c + -27e22?
-27e15
In base 2, what is -1000000110011111 - 1?
-1000000110100000
In base 14, what is -118 - 6?
-120
In base 15, what is -